 6, 0 = 2*v - 3*p - 35. What is the tens digit of v?
2
Let n(o) = 22*o - 3. What is the units digit of n(2)?
1
Let s = -104 - -185. What is the units digit of s?
1
Suppose -9 = 5*c - 29. Let s = c + 3. What is the units digit of s?
7
Let t(n) be the second derivative of n**4/6 - n**3 + 3*n**2/2 - n. What is the tens digit of t(4)?
1
Let r = 52 - 38. What is the tens digit of r?
1
Let t = 18 + -11. What is the units digit of t/49 + 264/14?
9
Suppose -t - 69 = -4*t. What is the units digit of t?
3
Let b(x) = -2*x + 5. Let h be 10*-6*4/30. What is the tens digit of b(h)?
2
Let r(y) = -3*y**3 + 3*y**2. What is the tens digit of r(-3)?
0
Suppose -5*p + 93 = -2*m + 3*m, 5*p + 5*m = 105. What is the units digit of p?
8
Let d(z) = 4*z - 3. Let o be d(9). Suppose 0*q - o = -4*c - q, -16 = -3*c + q. What is the units digit of c?
7
Let s = 20 + 15. What is the tens digit of 399/s - 2/5?
1
Suppose 3*z - 5*i + 0*i + 3 = 0, 3*z = -4*i - 3. What is the units digit of -10*(z - 2/(-4))?
5
What is the units digit of -2 - (2 - (30 + 3))?
9
Suppose c - 38 = -2*x + 2, 2*x - 2 = 0. Let t = -25 + c. What is the tens digit of t?
1
Suppose 16*t - 3320 + 1128 = 0. What is the tens digit of t?
3
Suppose 0 = -2*g + 29 + 43. What is the tens digit of g?
3
Let g(b) = -b**3 + 9*b**2 + 14*b - 11. What is the tens digit of g(10)?
2
Let f(m) = -57*m + 27. What is the units digit of f(-3)?
8
Suppose -11*l = -13*l + 450. What is the hundreds digit of l?
2
What is the units digit of 610/10 - (1 - -1)?
9
Let a(f) = f**2 + 4*f + 10. What is the units digit of a(-7)?
1
Suppose 3*x - 346 = -5*b + 2*x, -4*b + 288 = -2*x. Suppose 0 = 2*m - b - 30. What is the tens digit of m?
5
Suppose -26 = 5*z - 131. Let b = 52 - z. What is the tens digit of b?
3
Suppose 8*h = 3*h + i + 5, -4*h + 25 = -5*i. What is the units digit of h + -2 + 7 - 1?
4
Let q = 15 + -11. Let a(k) = 7*k**2 + 1. Let d be a(-1). Suppose 3*x - d = q. What is the units digit of x?
4
Suppose 4*k = 4*c + 1288, 4*k = 7*k + c - 958. What is the hundreds digit of k?
3
Suppose -3*v + 275 = 2*v. What is the units digit of v?
5
Suppose -2*o + 5*k - 4*k - 19 = 0, 5*k = 25. Let q = 14 + o. What is the units digit of q?
7
What is the tens digit of (0 - 11)/(15 - 16)?
1
Suppose -5*f + 20 = 0, 4*z - z = 5*f - 2. What is the units digit of z?
6
Let l(a) = 4*a**2 - 1. Let y be l(1). Let i be 1 - -2 - (-12)/y. Suppose -i*n = -3*n - 28. What is the units digit of n?
7
Suppose 6 = 4*c - 6. Suppose 5*z + c*y = -78, 56 = -2*z - 2*z + 4*y. Let k = 24 + z. What is the units digit of k?
9
Suppose -4*v = -2*c - 1582, -4*v + 5*c + 503 = -1082. What is the units digit of v?
5
Let v(x) = -x**3 + 7*x**2 + 8. Let c be v(7). Suppose c = 2*i + 2. Suppose 3*h - 48 = -i*b, h = -2*b + 4*h + 22. What is the tens digit of b?
1
Suppose 2*r + 40 = -0*k + 3*k, -k + r + 14 = 0. What is the tens digit of k?
1
Let d = -31 - -102. Suppose -d - 5 = -3*q - i, -4*i - 71 = -3*q. What is the tens digit of q?
2
Suppose -2*a = 2*a + 40. Let p = a + 19. What is the tens digit of (p - -1)*(-2 + 3)?
1
Suppose -4 = -4*g + 4. Suppose g*j - 6 = -j. Suppose 2*c = j*l + 4, -2*c + 4*c - 5*l + 8 = 0. What is the units digit of c?
6
What is the units digit of 2*(-2 + (-16)/(-1))?
8
Let i = 4 - 1. Suppose -o + 4 + i = 0. Let w = 0 + o. What is the units digit of w?
7
Let k be (9/3)/((-3)/(-2)). Suppose 0 = -k*m + 6*m + 20. What is the units digit of (m/2)/(2/(-4))?
5
Let u(z) = -z**3 + 11*z**2 + z - 6. Let w be u(11). Suppose -23 - 12 = -w*v. What is the units digit of v?
7
Let c be (2/4)/(1/2). What is the units digit of c/(3/(0 - -57))?
9
Let j be ((-15)/(-9))/(1/(-3)). Let c = -3 - j. Suppose c*m = -m + 18. What is the units digit of m?
6
Let x = -24 + 55. What is the tens digit of x?
3
Suppose j + j = -2*n + 16, 5*j + n = 20. Suppose 0 = j*z - 15 - 9. What is the units digit of z?
8
Let c be 56/12 - (-2)/(-3). Suppose 26 = c*i - 10. What is the units digit of i?
9
Let d be 55/1 - 9/3. Suppose -h + 3*q + d = 0, -2*q + 186 = 5*h - 40. What is the tens digit of h?
4
Let n(a) = -a**3 + 5*a**2 + a - 1. Let h be n(5). Suppose -2*z = -h*z + 50. What is the tens digit of z?
2
Let v be 0*2/4 - -1. What is the units digit of 1 - (v - 2)*0?
1
Let h = -4 - -9. What is the units digit of h?
5
Suppose 4*t = 94 + 58. What is the tens digit of t?
3
Let h = -58 - -97. What is the tens digit of h?
3
Suppose 5*z + 0*z + 25 = 0, 5*z + 73 = -2*b. What is the units digit of b/1*2/(-4)?
2
Suppose v - 99 = 2*d, 0 = -3*v - 4*d + 378 - 81. What is the units digit of v?
9
Let s = -82 + 144. What is the tens digit of s?
6
Suppose 2*z + 15 = 4*n - z, 0 = 5*n + 2*z - 13. Let o = n + 15. What is the units digit of o?
8
What is the units digit of 4/(-1) + 2 + 18?
6
Suppose v - 352 = -v + 4*u, -3*u - 709 = -4*v. What is the units digit of v?
8
What is the tens digit of 3876/22 - 8/44?
7
Let k(r) = 2*r - 13. Let b be k(8). Suppose -31 + b = -w + 5*n, -5*w + 94 = -2*n. What is the tens digit of w?
1
Suppose 0 = -3*p + 3*o - 12, 4*p = -0*p - 5*o - 7. What is the units digit of (p + 0)/((-3)/4)?
4
Let b = 20 + 10. What is the tens digit of b?
3
Let q = 5 - 2. Suppose -4 = 4*p, 1 = y - q*p - 16. What is the tens digit of y?
1
Let n be (-3)/(-6) - (-110)/4. Suppose -n + 7 = -3*l. What is the units digit of l?
7
Let k(q) = -16*q + 1. Let f be k(-3). Suppose -p = 2 + f. Let m = p + 71. What is the units digit of m?
0
Let p(s) = -5*s**3 + 4*s**2 - 5*s + 3. Let m(c) = -c**3 - 4*c**2 + 0 + 5*c**3 + 4*c - 3. Let z(t) = -6*m(t) - 5*p(t). What is the units digit of z(-3)?
9
Let b be ((-2)/1 - -2)/1. What is the units digit of b - 5/((-15)/24)?
8
Suppose -1020 = -7*f + f. What is the tens digit of f?
7
Let c(w) = w**2 + 2. Let s be 1 + (-2 - -3) + -2. Let a be c(s). Suppose b - 6 = -a*m - 0, -5*m = 4*b - 9. What is the units digit of m?
5
Let y(v) = -v**3 - 7*v**2 - 9*v - 6. What is the tens digit of y(-6)?
1
Suppose -59 = -4*h + 9. What is the units digit of h?
7
Suppose -2*g + j = -7, -g - 2*j = 3*j + 24. What is the units digit of (-3)/2*(-6)/g?
9
Let r = -55 + 102. Let j = r + -25. What is the units digit of j?
2
Let o(q) = q**3 + 9*q**2 + 8*q + 3. Let v be o(-8). Let i(j) = j**2 - 4*j - 5. Let l be i(5). Suppose l*a = -v*a + 6. What is the units digit of a?
2
Let w(c) = 2*c**2 + 11*c - 27. What is the units digit of w(-13)?
8
Suppose -2*w + 5*f + 59 = 0, 5 = 3*w + 2*f - 74. What is the tens digit of w?
2
Let b(v) = 42*v**2 - v + 3. What is the hundreds digit of b(-3)?
3
Suppose 3*a + 15 = -2*a. What is the tens digit of 18/((-1)/(2/a))?
1
Let i = 28 - 11. Suppose 3*x - 1 = -2*u - i, 0 = u - 3*x - 1. What is the tens digit of ((-24)/(-10))/((-1)/u)?
1
Suppose -149 = -2*t + 3*b, -4*t + 6*b + 303 = b. Let h = -13 - -7. What is the units digit of h/15 - t/(-5)?
6
Let b = 63 + 100. What is the hundreds digit of b?
1
Suppose 1776 = x + 5*x. What is the units digit of x?
6
Let d be 10/6 + 5/15. Suppose a - 4*q = q + 22, -2*a - 4*q = -d. What is the units digit of a?
7
Let a(l) = 14*l - 4. Let s be a(5). Suppose 0*c - 3*c = -s. What is the tens digit of c?
2
Suppose m - 165 = -4*m. Let j = m + -22. What is the units digit of j?
1
Let r be (3/(-2))/((-9)/84). What is the tens digit of (77/r)/(2/4)?
1
Let r(b) = 4*b**2 + 4*b + 4. What is the units digit of r(-5)?
4
Suppose 28 + 25 = 4*g + 3*o, 5*g - o - 90 = 0. What is the units digit of g?
7
Let z(o) = -3*o**3 - 2*o**2 - o - 3. Let a = -7 + 9. Let s(b) = -4*b**3 - 3*b**2 - 2*b - 4. Let g(p) = a*s(p) - 3*z(p). What is the units digit of g(0)?
1
Let n(o) = 9*o**2 - 4*o - 9. What is the tens digit of n(-3)?
8
Let n = -59 - -228. What is the hundreds digit of n?
1
Suppose -4 = -4*m, b + 4*m = 5 - 0. What is the units digit of b?
1
Let g(z) be the third derivative of 3*z**2 - 1/24*z**4 - 1/6*z**3 + 0 + 0*z. What is the units digit of g(-3)?
2
Suppose 0 = -5*n + 3*n + 48. What is the units digit of n?
4
Let g(q) = -2*q - 2. Let j be ((-1)/(-2))/(1/(-12)). What is the units digit of g(j)?
0
Let s(u) = 3*u**3 + 2*u**2 - 10*u - 5. Let v(f) = -13*f**3 - 7*f**2 + 41*f + 20. Let a(m) = 9*s(m) + 2*v(m). What is the units digit of a(-5)?
0
Let a = 7 - 4. Let u(w) = -2*w**2 + a - w + 3*w + 4*w**2. What is the units digit of u(-2)?
7
Let z(f) = -5 + 11 - f - f**2 - 2 - f**3. What is the units